3)/((-1)/g)?
1
Let s(x) = 4*x**2 - 5*x**2 + 7*x + 12 + 5*x. What is the tens digit of s(11)?
2
Suppose 0 = -d - 2*d + 9. Suppose 10 = d*t + 2*t. Suppose t*i + 3*i = 20. What is the units digit of i?
4
Let z = -2 - -8. Suppose -z*f + 88 = -2*f. What is the units digit of f?
2
Let v(h) = -h + 5. Let j be v(4). Let z(t) = -t**3 + 3*t**2 + 2*t + 4. Let n be z(4). Let f = j - n. What is the units digit of f?
5
Suppose -2*s = -i - 265, 2*i - 49 = -s + 91. What is the tens digit of s?
3
Let p be (-1828)/(-2) - (6 - 4). What is the tens digit of (p/(-60))/(2/(-5))?
3
Let z(c) = -19*c - 21. What is the tens digit of z(-4)?
5
Let g = 18 - 14. What is the units digit of g?
4
Let d(j) be the second derivative of j**3/6 + 11*j**2/2 - 6*j. Let m(g) = -g - 2. Let v be m(7). What is the units digit of d(v)?
2
Let r = -68 - -130. What is the units digit of r?
2
Suppose 7*j = 5*j + 94. What is the units digit of j?
7
Let g = -23 - 2. Let i = -62 - g. Let y = 54 + i. What is the tens digit of y?
1
Let j be (0 - 3)*(-204)/9. Suppose 4*k + 4*f - j = 0, -2*k - k + 2*f = -61. What is the units digit of k?
9
Let g = 14 - 12. Suppose -o + 46 = -g*p, -3*o + p = -0*o - 148. What is the units digit of o?
0
Suppose 3*v + 2*v - 250 = 0. Suppose -5*m + v = -0*m. What is the tens digit of m?
1
Let d(x) = 93*x - 1. Let q be d(-1). Let c = -64 - q. What is the units digit of c?
0
Let r(i) = i**3 - 7*i**2 + 8*i + 1. Let p be (-3)/(1/(-2)*1). Let q be r(p). Let d = q - 8. What is the units digit of d?
5
Let o = -22 + 50. Let c(h) = -h**2 + 5*h - 1. Let g be c(2). Suppose -u + 2*u - 3*d = 17, g*u - o = -4*d. What is the units digit of u?
8
Let z = -41 - -62. What is the units digit of z?
1
Let x(z) = -9*z**2 + 18*z**2 + 2*z**2 + 12*z**2 - z. What is the tens digit of x(1)?
2
Let z(y) = -y**3 - 7*y**2 - 8*y - 7. Let q be z(-6). Suppose 4*g = -2*x + 78, 0 = -4*x - 0*g + q*g + 117. What is the units digit of x?
3
Suppose s + 5*h + 3 = 0, 2*s - 2*h = 3*s. What is the units digit of s/10 + 102/15?
7
Let d be 1 + (0 - -1) + 0. What is the tens digit of -1 + 39/6*d?
1
Let n = 0 + 26. What is the tens digit of n?
2
Let g(f) = -f + 1. Let v be g(-4). Suppose v + 0 = k. What is the units digit of k?
5
Let w(b) = -b**3 + 5*b**2 + b - 1. Let q be w(5). What is the units digit of (-12)/(-2) - (-2 + q)?
4
Let v = -49 - -172. What is the hundreds digit of v?
1
Let a = 278 - 128. Suppose -5*w + a = -0*w. Suppose 4*f = -3*t + 22, 0*f + 5*f = -4*t + w. What is the units digit of t?
0
Let t = 1 + 1. Suppose -t*k - 5 = -11. What is the units digit of k?
3
Let p = 1 + -1. Suppose 2*h = -n + h + 1, p = 2*n + h - 5. What is the units digit of n?
4
Let a(g) = 1. Let m(d) = -25*d + 2. Let s(f) = -3*a(f) + m(f). What is the tens digit of s(-2)?
4
Suppose 2*f = 2*l - 2, -2*l - 2*l = 4*f + 4. Suppose 4*a - 2*q - 27 = -q, 2*q - 10 = l. What is the units digit of a?
8
Let p be (-2)/((-1)/(-4) + 0). Let b = -8 - p. Suppose -c = 4*z - 14, 0 = -4*z - b + 4. What is the tens digit of c?
1
Let j(o) = o**2 + 1. Let z be 0 - 12/(-2 + -1). Suppose 0*v = -z*v. What is the units digit of j(v)?
1
Suppose -24 = -3*o + 3*l, 0 = 2*o + 2*l - 11 - 13. What is the units digit of ((-8)/16)/((-1)/o)?
5
Let l be -6*(-1 - (-2)/6). Suppose -2*t = -2*f + 3 + 1, 5*t - l*f + 8 = 0. Suppose 44 + t = 4*j. What is the units digit of j?
1
Let n = 168 - 78. Let l = -4 - -7. Suppose 0 = 4*u - 4*d - 60, -n = -5*u + l*d - 21. What is the tens digit of u?
1
Suppose -9*b + 10 = -4*b. Let i = -2 + b. Suppose -5*q + 27 - 7 = i. What is the units digit of q?
4
Let z be -3*1*8/12. What is the units digit of 54/(-1)*1/z?
7
Let o(w) = 14*w**2 + w + 1. What is the tens digit of o(-1)?
1
Suppose 46 = 2*a - 4*w, w + 60 = 5*a + 2*w. Let h(s) = s**3 - 5*s**2. Let f be h(5). Suppose f = 3*u - a + 1. What is the units digit of u?
4
Suppose -3*i + 245 = 2*i. Suppose -5*t + c = -0*c - i, -5*t - 2*c + 52 = 0. What is the units digit of t?
0
Suppose -13*o = -6*o - 70. What is the tens digit of o?
1
Let s = -9 + 5. Let g be 33*(s/3)/(-2). Suppose 3*r = 20 + g. What is the units digit of r?
4
Suppose -6*j + 10*j - 164 = 0. What is the tens digit of j?
4
Let l(r) be the third derivative of -r**6/6 - r**5/60 - 2*r**2. What is the tens digit of l(-1)?
1
Let d = 7 - 1. Let t be (-37)/d + 4/24. Let j = 12 + t. What is the units digit of j?
6
Let c = 18 + -25. Let k(z) = z**2 - 14*z + 18. Let m be k(12). Let d = m - c. What is the units digit of d?
1
Let u = 22 - 3. Let s = u + -3. What is the units digit of s?
6
Let s = 15 - -113. Suppose 84 + s = 4*p. Suppose -5*d + p + 19 = 3*o, -3*d - 5*o = -56. What is the units digit of d?
2
Suppose 3*s + 4 = 10. Let p(t) = -t + 1. Let y be p(0). Let u = s - y. What is the units digit of u?
1
Let q = 204 - 83. What is the hundreds digit of q?
1
Suppose 0 = -l - 0 + 14. What is the units digit of l?
4
Suppose -984 = -12*b - 0*b. What is the tens digit of b?
8
Let x = -6 + 10. Suppose -x*i - 19 = 9. Let n = i + 14. What is the units digit of n?
7
Let z(n) be the second derivative of n**5/60 - n**4/6 - n**3/2 + n**2 - 3*n. Let u(v) be the first derivative of z(v). What is the units digit of u(5)?
2
Let c be (-10)/3 + 2/6. Let y = -2 - c. What is the units digit of y?
1
Suppose 11 = -r - 0. Let f = r - -9. Let l = f - -13. What is the tens digit of l?
1
Let n(i) = i**3 + 3*i**2 - 4*i + 4. Let j be n(-4). Suppose 5*x - 1 = j. Suppose y - x = 2. What is the units digit of y?
3
Suppose 0 = 45*t - 43*t - 14. What is the units digit of t?
7
What is the units digit of 2/((-2)/73)*(1 - 2)?
3
Suppose -5*x - 5 + 34 = -2*z, 4*x - 2*z - 24 = 0. Let a be 2/(-7) + 4/14. Suppose -3*l + 4*g + 2 - 9 = a, -3*l + g = -x. What is the units digit of l?
3
Let r(m) = -m**2 - 3*m - 2. Let i(k) = k + 2. Let g be i(-6). Let p be r(g). What is the units digit of (-58)/p - 4/6?
9
Let b(s) = -s**2 + 7*s. Let c be b(6). Let q be (-37)/(-4) - c/24. Let h = 21 - q. What is the tens digit of h?
1
Let j = 2 + 4. Let u = 82 + -50. What is the units digit of u/j + 10/15?
6
Let y = -2 - -4. Suppose 0 = 3*j + x - 2*x + 21, 0 = -y*j + 5*x - 27. What is the units digit of 3*-3*j/27?
2
Suppose -5*w = 5, -w - 4*w + 7 = -3*n. Suppose 4 = y, 4*o - 2*o - 2*y - 16 = 0. Let r = o + n. What is the units digit of r?
8
Let s = 2 + -3. Let f = s + -15. What is the units digit of (-6)/(-18) - f/6?
3
Let j(f) = -3*f - 1. Let z be j(-2). What is the units digit of ((-4)/(-10))/(z/25)?
2
Suppose 3*r - 8*r = -45. What is the units digit of r?
9
Let b be 15/(-5)*2/(-3). Suppose 0 = b*g - 3*g + 19. What is the tens digit of g?
1
Let q = 65 - 41. What is the tens digit of q?
2
Let i(c) = -c**2 + 10*c - 9. Let u be i(8). Let o = u - 1. What is the units digit of (o/4)/((-9)/(-12))?
2
Suppose -2*t = 4*t - 534. What is the tens digit of t?
8
Suppose -786 + 226 = -8*o. What is the tens digit of o?
7
Suppose -5*d + 4 = -x - 8, -4*x - d + 15 = 0. Suppose 2*l + 3*b = -l + 126, x*b - 202 = -5*l. What is the tens digit of l?
3
Let q(a) = 6*a**3 + 2*a**2 - a - 1. What is the tens digit of q(2)?
5
Let d be 1*-1*(3 - 4). Suppose -s + d = -4. What is the units digit of s?
5
Let h(x) = -x**2 + 8*x - 4. Suppose 4*d + 5*a - 13 = 10, -4*a = -5*d + 39. What is the units digit of h(d)?
3
Suppose 3 = -x, m - 6*m = -4*x - 32. Suppose n = 3*d - 5, -m*d - n + 25 = -6*n. Let o = 8 + d. What is the units digit of o?
8
Let m(x) = -x**3 - 2*x**2 + 3*x - 2. Let j be m(-3). What is the units digit of (j + -1)*(-4 + 1)?
9
Let b be 1/((-3)/135*-3). Let x = b - 7. What is the units digit of x?
8
Let c = 3 - 3. Suppose 4*q + c*q = w + 94, 2*w + 92 = 4*q. Suppose -q = -3*h - 3*n, 2*n = 3*n - 5. What is the units digit of h?
3
Let h = 22 + -18. Suppose 0*u = -5*y - u + 112, -y + h*u + 35 = 0. What is the tens digit of y?
2
Suppose 10 = 5*n - 5*q, n - 4*q = 2*n + 8. Suppose 137 = -0*l + 5*l - 2*a, -l + a + 25 = n. What is the units digit of l?
9
Let q = 1 - 7. Let g = q + 4. What is the units digit of (0 - 2)/g + 7?
8
Let h(w) = -w**2 - 3*w + 2. Let d be h(-3). Suppose -2*f + 3*f - d = 0. What is the units digit of f/(-9) + (-65)/(-9)?
7
Let v = -171 - -275. Suppose 5*n + h - v = -19, n + 4*h + 2 = 0. What is the units digit of n?
8
Let y be (0 - 3)/(21/14). Suppose 0 = 3*p, -3*c - p + 9 = -21. What is the units digit o